{"id":875,"date":"2019-12-16T14:01:53","date_gmt":"2019-12-16T12:01:53","guid":{"rendered":"http:\/\/kulpanpuutarha3.paas.datacenter.fi\/?post_type=product&#038;p=875"},"modified":"2025-11-20T15:22:06","modified_gmt":"2025-11-20T13:22:06","slug":"jalokuunlilja-sum-and-substance","status":"publish","type":"product","link":"https:\/\/www.kulpanpuutarha.fi\/?product=jalokuunlilja-sum-and-substance","title":{"rendered":"Hosta &#8211; JALOKUUNLILJA &#8217;Sum and Substance&#8217;"},"content":{"rendered":"","protected":false},"excerpt":{"rendered":"<p><em>Hosta Tarhafunkia-Ryhm\u00e4<\/em>, tr\u00e4dg\u00e5rdsfunkia<\/p>\n<p>Kukinta: VI-VII<\/p>\n<p>V\u00e4ri: kukinto vaalea liila, vaaleanvihre\u00e4 lehdist\u00f6<\/p>\n<p>Kasvupaikka: aurinko-varjo<\/p>\n<p>Korkeus: 80-100 cm<\/p>\n<p>Ruukkukoko: P12 (1,3L)<\/p>\n<p>Tuotantomaa: FI<\/p>\n","protected":false},"featured_media":32232,"template":"","meta":[],"product_brand":[],"product_cat":[18,28,29,31],"product_tag":[54,94,192,193,525],"class_list":{"0":"post-875","1":"product","2":"type-product","3":"status-publish","4":"has-post-thumbnail","6":"product_cat-perennat","7":"product_cat-puolivarjon-perennat","8":"product_cat-varjon-perennat","9":"product_cat-perennat-a-j","10":"product_tag-lila","11":"product_tag-vihrea","12":"product_tag-hosta","13":"product_tag-kuunlilja","14":"product_tag-jattikuunlilja","15":"product_shipping_class-nouto","17":"first","18":"instock","19":"taxable","20":"shipping-taxable","21":"purchasable","22":"product-type-simple"},"_links":{"self":[{"href":"https:\/\/www.kulpanpuutarha.fi\/index.php?rest_route=\/wp\/v2\/product\/875","targetHints":{"allow":["GET"]}}],"collection":[{"href":"https:\/\/www.kulpanpuutarha.fi\/index.php?rest_route=\/wp\/v2\/product"}],"about":[{"href":"https:\/\/www.kulpanpuutarha.fi\/index.php?rest_route=\/wp\/v2\/types\/product"}],"wp:featuredmedia":[{"embeddable":true,"href":"https:\/\/www.kulpanpuutarha.fi\/index.php?rest_route=\/wp\/v2\/media\/32232"}],"wp:attachment":[{"href":"https:\/\/www.kulpanpuutarha.fi\/index.php?rest_route=%2Fwp%2Fv2%2Fmedia&parent=875"}],"wp:term":[{"taxonomy":"product_brand","embeddable":true,"href":"https:\/\/www.kulpanpuutarha.fi\/index.php?rest_route=%2Fwp%2Fv2%2Fproduct_brand&post=875"},{"taxonomy":"product_cat","embeddable":true,"href":"https:\/\/www.kulpanpuutarha.fi\/index.php?rest_route=%2Fwp%2Fv2%2Fproduct_cat&post=875"},{"taxonomy":"product_tag","embeddable":true,"href":"https:\/\/www.kulpanpuutarha.fi\/index.php?rest_route=%2Fwp%2Fv2%2Fproduct_tag&post=875"}],"curies":[{"name":"wp","href":"https:\/\/api.w.org\/{rel}","templated":true}]}}