{"id":790,"date":"2019-12-16T11:17:28","date_gmt":"2019-12-16T09:17:28","guid":{"rendered":"http:\/\/kulpanpuutarha3.paas.datacenter.fi\/?post_type=product&#038;p=790"},"modified":"2025-11-20T14:45:32","modified_gmt":"2025-11-20T12:45:32","slug":"nyppykurjenpolvi-philippe-vapelle","status":"publish","type":"product","link":"https:\/\/www.kulpanpuutarha.fi\/?product=nyppykurjenpolvi-philippe-vapelle","title":{"rendered":"Geranium &#8211; NYPPYKURJENPOLVI &#8217;Philippe Vapelle&#8217;"},"content":{"rendered":"","protected":false},"excerpt":{"rendered":"<p><em>Geranium renardii<\/em>, n\u00e4tn\u00e4v\u00e4<\/p>\n<p>Kukinta: VI-VII<\/p>\n<p>V\u00e4ri: sinilila<\/p>\n<p>Kasvupaikka: aurinko-puolivarjo<\/p>\n<p>Korkeus: 30 cm<\/p>\n<p>Ruukkukoko: P12 (1,3L)<\/p>\n<p>Tuotantomaa: NL\/FI<\/p>\n","protected":false},"featured_media":32189,"template":"","meta":[],"product_brand":[],"product_cat":[18,27,28,32],"product_tag":[54,56,167,168,575],"class_list":{"0":"post-790","1":"product","2":"type-product","3":"status-publish","4":"has-post-thumbnail","6":"product_cat-perennat","7":"product_cat-auringon-perennat","8":"product_cat-puolivarjon-perennat","9":"product_cat-perennat-k-r","10":"product_tag-lila","11":"product_tag-sininen","12":"product_tag-geranium","13":"product_tag-kurjenpolvi","14":"product_tag-nyppykurjenpolvi","15":"product_shipping_class-nouto","17":"first","18":"instock","19":"taxable","20":"shipping-taxable","21":"purchasable","22":"product-type-simple"},"_links":{"self":[{"href":"https:\/\/www.kulpanpuutarha.fi\/index.php?rest_route=\/wp\/v2\/product\/790","targetHints":{"allow":["GET"]}}],"collection":[{"href":"https:\/\/www.kulpanpuutarha.fi\/index.php?rest_route=\/wp\/v2\/product"}],"about":[{"href":"https:\/\/www.kulpanpuutarha.fi\/index.php?rest_route=\/wp\/v2\/types\/product"}],"wp:featuredmedia":[{"embeddable":true,"href":"https:\/\/www.kulpanpuutarha.fi\/index.php?rest_route=\/wp\/v2\/media\/32189"}],"wp:attachment":[{"href":"https:\/\/www.kulpanpuutarha.fi\/index.php?rest_route=%2Fwp%2Fv2%2Fmedia&parent=790"}],"wp:term":[{"taxonomy":"product_brand","embeddable":true,"href":"https:\/\/www.kulpanpuutarha.fi\/index.php?rest_route=%2Fwp%2Fv2%2Fproduct_brand&post=790"},{"taxonomy":"product_cat","embeddable":true,"href":"https:\/\/www.kulpanpuutarha.fi\/index.php?rest_route=%2Fwp%2Fv2%2Fproduct_cat&post=790"},{"taxonomy":"product_tag","embeddable":true,"href":"https:\/\/www.kulpanpuutarha.fi\/index.php?rest_route=%2Fwp%2Fv2%2Fproduct_tag&post=790"}],"curies":[{"name":"wp","href":"https:\/\/api.w.org\/{rel}","templated":true}]}}