{"id":479,"date":"2019-12-10T08:54:32","date_gmt":"2019-12-10T06:54:32","guid":{"rendered":"http:\/\/kulpanpuutarha3.paas.datacenter.fi\/?post_type=product&#038;p=479"},"modified":"2025-11-19T15:21:18","modified_gmt":"2025-11-19T13:21:18","slug":"tarhasalkoruusu-chaters-white","status":"publish","type":"product","link":"https:\/\/www.kulpanpuutarha.fi\/?product=tarhasalkoruusu-chaters-white","title":{"rendered":"Alcea &#8211; TARHASALKORUUSU &#8217;Radiant Rose&#8217;"},"content":{"rendered":"<p>Tarhasalkoruusu on n\u00e4ytt\u00e4v\u00e4 loppukes\u00e4n kukkija. Kaksivuotinen kasvi, joka kasvattaa ensimm\u00e4isen\u00e4 vuonna lehtiruusukkeen ja kukkii seuraavana kes\u00e4n\u00e4.<\/p>\n","protected":false},"excerpt":{"rendered":"<p><em>Alcea rosea plena<\/em>, stockros<\/p>\n<p>Kukinta: VIII-IX<\/p>\n<p>V\u00e4ri: vaaleanpunainen<\/p>\n<p>Kasvupaikka: aurinko<\/p>\n<p>Korkeus: 180 cm<\/p>\n<p>Ruukkukoko: P12 (12 cm)<\/p>\n<p>Tuotantomaa: FI<\/p>\n","protected":false},"featured_media":34344,"template":"","meta":[],"product_brand":[],"product_cat":[22,18,27,33],"product_tag":[61,62,63],"class_list":{"0":"post-479","1":"product","2":"type-product","3":"status-publish","4":"has-post-thumbnail","6":"product_cat-perinneperennat","7":"product_cat-perennat","8":"product_cat-auringon-perennat","9":"product_cat-perennat-s-o","10":"product_tag-salkoruusu","11":"product_tag-alcea","12":"product_tag-vaaleanpunainen","13":"product_shipping_class-nouto","15":"first","16":"outofstock","17":"taxable","18":"shipping-taxable","19":"purchasable","20":"product-type-simple"},"_links":{"self":[{"href":"https:\/\/www.kulpanpuutarha.fi\/index.php?rest_route=\/wp\/v2\/product\/479","targetHints":{"allow":["GET"]}}],"collection":[{"href":"https:\/\/www.kulpanpuutarha.fi\/index.php?rest_route=\/wp\/v2\/product"}],"about":[{"href":"https:\/\/www.kulpanpuutarha.fi\/index.php?rest_route=\/wp\/v2\/types\/product"}],"wp:featuredmedia":[{"embeddable":true,"href":"https:\/\/www.kulpanpuutarha.fi\/index.php?rest_route=\/wp\/v2\/media\/34344"}],"wp:attachment":[{"href":"https:\/\/www.kulpanpuutarha.fi\/index.php?rest_route=%2Fwp%2Fv2%2Fmedia&parent=479"}],"wp:term":[{"taxonomy":"product_brand","embeddable":true,"href":"https:\/\/www.kulpanpuutarha.fi\/index.php?rest_route=%2Fwp%2Fv2%2Fproduct_brand&post=479"},{"taxonomy":"product_cat","embeddable":true,"href":"https:\/\/www.kulpanpuutarha.fi\/index.php?rest_route=%2Fwp%2Fv2%2Fproduct_cat&post=479"},{"taxonomy":"product_tag","embeddable":true,"href":"https:\/\/www.kulpanpuutarha.fi\/index.php?rest_route=%2Fwp%2Fv2%2Fproduct_tag&post=479"}],"curies":[{"name":"wp","href":"https:\/\/api.w.org\/{rel}","templated":true}]}}