{"id":33777,"date":"2024-04-21T10:51:12","date_gmt":"2024-04-21T07:51:12","guid":{"rendered":"https:\/\/www.kulpanpuutarha.fi\/?post_type=product&#038;p=33777"},"modified":"2024-04-21T10:53:50","modified_gmt":"2024-04-21T07:53:50","slug":"lintukylpy-sydan","status":"publish","type":"product","link":"https:\/\/www.kulpanpuutarha.fi\/?product=lintukylpy-sydan","title":{"rendered":"Lintukylpy syd\u00e4n"},"content":{"rendered":"","protected":false},"excerpt":{"rendered":"<p>Metallinen, s\u00e4\u00e4nkest\u00e4v\u00e4 lintukylpy\/lintujen juoma-astia. Ripustettava.<\/p>\n<p>&nbsp;<\/p>\n","protected":false},"featured_media":33780,"template":"","meta":[],"product_brand":[],"product_cat":[24],"product_tag":[351,484],"class_list":{"0":"post-33777","1":"product","2":"type-product","3":"status-publish","4":"has-post-thumbnail","6":"product_cat-ruukut-ja-pihakoristeet","7":"product_tag-pihakoriste","8":"product_tag-lintukylpy","9":"product_shipping_class-lahetys-pakettina","11":"first","12":"instock","13":"taxable","14":"shipping-taxable","15":"purchasable","16":"product-type-simple"},"_links":{"self":[{"href":"https:\/\/www.kulpanpuutarha.fi\/index.php?rest_route=\/wp\/v2\/product\/33777","targetHints":{"allow":["GET"]}}],"collection":[{"href":"https:\/\/www.kulpanpuutarha.fi\/index.php?rest_route=\/wp\/v2\/product"}],"about":[{"href":"https:\/\/www.kulpanpuutarha.fi\/index.php?rest_route=\/wp\/v2\/types\/product"}],"wp:featuredmedia":[{"embeddable":true,"href":"https:\/\/www.kulpanpuutarha.fi\/index.php?rest_route=\/wp\/v2\/media\/33780"}],"wp:attachment":[{"href":"https:\/\/www.kulpanpuutarha.fi\/index.php?rest_route=%2Fwp%2Fv2%2Fmedia&parent=33777"}],"wp:term":[{"taxonomy":"product_brand","embeddable":true,"href":"https:\/\/www.kulpanpuutarha.fi\/index.php?rest_route=%2Fwp%2Fv2%2Fproduct_brand&post=33777"},{"taxonomy":"product_cat","embeddable":true,"href":"https:\/\/www.kulpanpuutarha.fi\/index.php?rest_route=%2Fwp%2Fv2%2Fproduct_cat&post=33777"},{"taxonomy":"product_tag","embeddable":true,"href":"https:\/\/www.kulpanpuutarha.fi\/index.php?rest_route=%2Fwp%2Fv2%2Fproduct_tag&post=33777"}],"curies":[{"name":"wp","href":"https:\/\/api.w.org\/{rel}","templated":true}]}}