{"id":32083,"date":"2021-12-03T10:56:34","date_gmt":"2021-12-03T08:56:34","guid":{"rendered":"http:\/\/www.kulpanpuutarha.fi\/?post_type=product&#038;p=32083"},"modified":"2025-11-24T08:30:59","modified_gmt":"2025-11-24T06:30:59","slug":"ahokissankapala-rubra","status":"publish","type":"product","link":"https:\/\/www.kulpanpuutarha.fi\/?product=ahokissankapala-rubra","title":{"rendered":"Antennaria &#8211; AHOKISSANK\u00c4P\u00c4L\u00c4 &#8217;Rubra&#8217;"},"content":{"rendered":"","protected":false},"excerpt":{"rendered":"<p><em>Antennaria dioica<\/em>, kattfot<\/p>\n<p>Kukinta: V-VI<\/p>\n<p>V\u00e4ri: punainen<\/p>\n<p>Kasvupaikka: aurinkoinen, kuiva<\/p>\n<p>Korkeus: 10 cm<\/p>\n<p>Ruukkukoko: P10 (10 cm)<\/p>\n<p>Tuotantomaa: FI<\/p>\n","protected":false},"featured_media":32281,"template":"","meta":[],"product_brand":[],"product_cat":[18,27,31],"product_tag":[51,448,449],"class_list":{"0":"post-32083","1":"product","2":"type-product","3":"status-publish","4":"has-post-thumbnail","6":"product_cat-perennat","7":"product_cat-auringon-perennat","8":"product_cat-perennat-a-j","9":"product_tag-punainen","10":"product_tag-antennaria","11":"product_tag-kissankapala","12":"product_shipping_class-nouto","14":"first","15":"instock","16":"taxable","17":"shipping-taxable","18":"purchasable","19":"product-type-simple"},"_links":{"self":[{"href":"https:\/\/www.kulpanpuutarha.fi\/index.php?rest_route=\/wp\/v2\/product\/32083","targetHints":{"allow":["GET"]}}],"collection":[{"href":"https:\/\/www.kulpanpuutarha.fi\/index.php?rest_route=\/wp\/v2\/product"}],"about":[{"href":"https:\/\/www.kulpanpuutarha.fi\/index.php?rest_route=\/wp\/v2\/types\/product"}],"wp:featuredmedia":[{"embeddable":true,"href":"https:\/\/www.kulpanpuutarha.fi\/index.php?rest_route=\/wp\/v2\/media\/32281"}],"wp:attachment":[{"href":"https:\/\/www.kulpanpuutarha.fi\/index.php?rest_route=%2Fwp%2Fv2%2Fmedia&parent=32083"}],"wp:term":[{"taxonomy":"product_brand","embeddable":true,"href":"https:\/\/www.kulpanpuutarha.fi\/index.php?rest_route=%2Fwp%2Fv2%2Fproduct_brand&post=32083"},{"taxonomy":"product_cat","embeddable":true,"href":"https:\/\/www.kulpanpuutarha.fi\/index.php?rest_route=%2Fwp%2Fv2%2Fproduct_cat&post=32083"},{"taxonomy":"product_tag","embeddable":true,"href":"https:\/\/www.kulpanpuutarha.fi\/index.php?rest_route=%2Fwp%2Fv2%2Fproduct_tag&post=32083"}],"curies":[{"name":"wp","href":"https:\/\/api.w.org\/{rel}","templated":true}]}}