{"id":7,"date":"2018-04-04T18:52:47","date_gmt":"2018-04-04T18:52:47","guid":{"rendered":"http:\/\/kulpanpuutarha2.paas.datacenter.fi\/?page_id=7"},"modified":"2025-11-26T10:37:03","modified_gmt":"2025-11-26T08:37:03","slug":"home","status":"publish","type":"page","link":"https:\/\/www.kulpanpuutarha.fi\/?page_id=7","title":{"rendered":"Etusivu"},"content":{"rendered":"<div class=\"wp-block-image\">\n<figure class=\"alignleft size-large is-resized\"><img loading=\"lazy\" decoding=\"async\" width=\"720\" height=\"540\" src=\"http:\/\/www.kulpanpuutarha.fi\/wp-content\/uploads\/2020\/12\/Taimisto8.jpg\" alt=\"\" class=\"wp-image-14486\" style=\"width:311px;height:234px\"\/><\/figure>\n<\/div>\n\n<p style=\"text-align: left;\"><span style=\"color: #000000;\">Kulpan puutarha on syntynyt rakkaudesta puutarhaan. Puutarhurina h\u00e4\u00e4r\u00e4\u00e4 kauppatieteilij\u00e4st\u00e4 taimistoviljelij\u00e4ksi p\u00e4\u00e4tynyt viherpiipert\u00e4j\u00e4, joka uskoo ett\u00e4 oikein suunnitellun ja hoidetun puutarhan avulla voidaan lis\u00e4t\u00e4 hyvinvointia ja rikastuttaa elinymp\u00e4rist\u00f6n monimuotoisuutta. Kauniista, toimivasta ja ymp\u00e4rist\u00f6yst\u00e4v\u00e4llisesti hoidetusta puutarhasta hy\u00f6tyv\u00e4t paitsi puutarhan omistajat my\u00f6s mm. perhoset ja meille niin t\u00e4rke\u00e4t p\u00f6lytt\u00e4j\u00e4t, muista hy\u00f6nteisist\u00e4 ja pikkuel\u00e4imist\u00e4 puhumattakaan.<\/span><\/p>\n<p><span style=\"color: #000000;\">Perennoiden kasvatus Kulpan puutarhalla Riihim\u00e4en Herajoella alkoi vuonna 2018. Tuotannossa olevia lajeja\/lajikkeita on nykyisin pitk\u00e4lti yli 400, ja valikoima laajenee vuosittain. Perennat talvehtivat meill\u00e4 kookkaissa kasvatusruukuissaan p\u00e4\u00e4osin ulkona avomaalla, joten viljelemiemme lajikkeiden hyv\u00e4 talvenkest\u00e4vyys on t\u00e4rke\u00e4\u00e4. Ymp\u00e4rist\u00f6yst\u00e4v\u00e4llisyys ja luonnon hyvinvoinnin huomioiminen on ollut tuotannossamme alusta asti keskeisell\u00e4 sijalla &#8211; kasvualustana k\u00e4yt\u00e4mme ainoastaan luonnonmukaista, nopeasti uusiutuvista raaka-aineista tuotettua turpeetonta kasvualustaa, ja kaikki k\u00e4ytt\u00e4m\u00e4mme lannoitteet ja tarvittaessa my\u00f6s\u00a0 torjunta-aineet ovat luonnonmukaisia. <\/span><\/p>\n<p><span style=\"color: #000000;\">Tuotamme taimia erityisesti puutarhamyym\u00e4l\u00f6iden, viherrakentajien ja muiden tukkuasiakkaiden tarpeisiin, mutta taimiston myym\u00e4l\u00e4 palvelee my\u00f6s kotipuutarhureita\/v\u00e4hitt\u00e4isasiakkaita kes\u00e4kaudella muutamana p\u00e4iv\u00e4n\u00e4 viikossa, ja verkkokauppa on avoinna ymp\u00e4ri vuoden.\u00a0<\/span><\/p>\n<p><span style=\"color: #000000;\">Puutarhallemme on helppo poiketa &#8211; vain 2 min ajomatka Hki-Tre moottoritielt\u00e4 (VT 3).<\/span><\/p>\n<p>\u00a0<\/p>\n<p><!-- pihaty\u00f6, pihaty\u00f6t, puutarhasuunnitelma, pihasuunnitelma, piha suunnitelma, puutarha suunnitelma, pihasuunnittelu, piha suunnittelu, puutarhasuunnittelu, puutarha suunnittelu, viherrakentaminen, pensaiden leikkaus, puiden leikkaus, puutarha, puutarhanhoito, pihanhoito, pihan hoito, taimisto, taimitarha, perenna, perennataimisto, hunaja, perga<span data-mce-type=\"bookmark\" style=\"display: inline-block; width: 0px; overflow: hidden; line-height: 0;\" class=\"mce_SELRES_start\"><\/span> --><\/p>","protected":false},"excerpt":{"rendered":"<p>Kulpan puutarha on syntynyt rakkaudesta puutarhaan. Puutarhurina h\u00e4\u00e4r\u00e4\u00e4 kauppatieteilij\u00e4st\u00e4 taimistoviljelij\u00e4ksi p\u00e4\u00e4tynyt viherpiipert\u00e4j\u00e4, joka uskoo ett\u00e4 oikein suunnitellun ja hoidetun puutarhan avulla voidaan lis\u00e4t\u00e4 hyvinvointia ja rikastuttaa elinymp\u00e4rist\u00f6n monimuotoisuutta. Kauniista, toimivasta ja ymp\u00e4rist\u00f6yst\u00e4v\u00e4llisesti hoidetusta puutarhasta hy\u00f6tyv\u00e4t paitsi puutarhan omistajat my\u00f6s mm. perhoset ja meille niin t\u00e4rke\u00e4t p\u00f6lytt\u00e4j\u00e4t, muista hy\u00f6nteisist\u00e4 ja pikkuel\u00e4imist\u00e4 puhumattakaan. Perennoiden kasvatus Kulpan puutarhalla [&hellip;]<\/p>\n","protected":false},"author":2,"featured_media":0,"parent":0,"menu_order":0,"comment_status":"closed","ping_status":"closed","template":"template-homepage.php","meta":{"footnotes":""},"class_list":["post-7","page","type-page","status-publish","hentry"],"_links":{"self":[{"href":"https:\/\/www.kulpanpuutarha.fi\/index.php?rest_route=\/wp\/v2\/pages\/7","targetHints":{"allow":["GET"]}}],"collection":[{"href":"https:\/\/www.kulpanpuutarha.fi\/index.php?rest_route=\/wp\/v2\/pages"}],"about":[{"href":"https:\/\/www.kulpanpuutarha.fi\/index.php?rest_route=\/wp\/v2\/types\/page"}],"author":[{"embeddable":true,"href":"https:\/\/www.kulpanpuutarha.fi\/index.php?rest_route=\/wp\/v2\/users\/2"}],"replies":[{"embeddable":true,"href":"https:\/\/www.kulpanpuutarha.fi\/index.php?rest_route=%2Fwp%2Fv2%2Fcomments&post=7"}],"version-history":[{"count":24,"href":"https:\/\/www.kulpanpuutarha.fi\/index.php?rest_route=\/wp\/v2\/pages\/7\/revisions"}],"predecessor-version":[{"id":34550,"href":"https:\/\/www.kulpanpuutarha.fi\/index.php?rest_route=\/wp\/v2\/pages\/7\/revisions\/34550"}],"wp:attachment":[{"href":"https:\/\/www.kulpanpuutarha.fi\/index.php?rest_route=%2Fwp%2Fv2%2Fmedia&parent=7"}],"curies":[{"name":"wp","href":"https:\/\/api.w.org\/{rel}","templated":true}]}}